{"id":614,"date":"2025-04-20T21:59:01","date_gmt":"2025-04-20T19:59:01","guid":{"rendered":"https:\/\/16mm.com.pl\/?page_id=614"},"modified":"2025-11-25T21:21:37","modified_gmt":"2025-11-25T20:21:37","slug":"o-nas","status":"publish","type":"page","link":"https:\/\/16mm.com.pl\/index.php\/o-nas\/","title":{"rendered":"O nas"},"content":{"rendered":"\n<div class=\"wp-block-group alignwide has-archer-font-family has-global-padding is-layout-constrained wp-container-core-group-is-layout-4f9f0532 wp-block-group-is-layout-constrained\">\n<div class=\"wp-block-cover alignfull\" style=\"padding-top:2%;min-height:30rem;aspect-ratio:unset;\"><img fetchpriority=\"high\" decoding=\"async\" width=\"1024\" height=\"576\" class=\"wp-block-cover__image-background wp-image-757 size-large\" alt=\"O nas\" src=\"https:\/\/16mm.com.pl\/wp-content\/uploads\/2025\/04\/Plansze-typo_konwersja-6-1024x576.jpg\" data-object-fit=\"cover\" srcset=\"https:\/\/16mm.com.pl\/wp-content\/uploads\/2025\/04\/Plansze-typo_konwersja-6-1024x576.jpg 1024w, https:\/\/16mm.com.pl\/wp-content\/uploads\/2025\/04\/Plansze-typo_konwersja-6-300x169.jpg 300w, https:\/\/16mm.com.pl\/wp-content\/uploads\/2025\/04\/Plansze-typo_konwersja-6-768x432.jpg 768w, https:\/\/16mm.com.pl\/wp-content\/uploads\/2025\/04\/Plansze-typo_konwersja-6-1536x864.jpg 1536w, https:\/\/16mm.com.pl\/wp-content\/uploads\/2025\/04\/Plansze-typo_konwersja-6.jpg 1920w\" sizes=\"(max-width: 1024px) 100vw, 1024px\"><span aria-hidden=\"true\" class=\"wp-block-cover__background has-background-dim-0 has-background-dim\" style=\"background-color:#5d6710\"><\/span><div class=\"wp-block-cover__inner-container has-global-padding is-layout-constrained wp-container-core-cover-is-layout-ee51f2d2 wp-block-cover-is-layout-constrained\">\n<p class=\"has-text-align-center has-large-font-size\"><\/p>\n<\/div><\/div>\n\n\n\n<p class=\"has-archer-font-family\" style=\"margin-bottom:2.75rem\"><em>16mm<\/em> to studenckie czasopismo filmowe tworzone z&nbsp;pasji do kina i&nbsp;potrzeby m\u00f3wienia o&nbsp;nim po swojemu \u2013 z&nbsp;r\u00f3\u017cnych perspektyw, bez zad\u0119cia, ale z&nbsp;uwa\u017cno\u015bci\u0105 i&nbsp;zaanga\u017cowaniem. \u0141\u0105czymy krytyk\u0119 filmow\u0105 z&nbsp;osobistym tonem, analizy z&nbsp;poczuciem humoru, a&nbsp;powa\u017cne refleksje z&nbsp;lekk\u0105 form\u0105. Interesuje nas wszystko to, co w&nbsp;kinie nieoczywiste, niedopowiedziane i&nbsp;cz\u0119sto pomijane \u2013 od kulturowych zjawisk po codzienne obserwacje.<\/p>\n\n\n\n<p class=\"has-archer-font-family\" style=\"margin-bottom:2.75rem\">Nie ograniczamy si\u0119 do jednej tematyki, stylu ani formatu. Pisz\u0105c o&nbsp;filmach, przygl\u0105damy si\u0119 rzeczywisto\u015bci \u2013 tej lokalnej, globalnej, politycznej i&nbsp;emocjonalnej. Reagujemy na to, co si\u0119 dzieje tu i&nbsp;teraz, ale r\u00f3wnie ch\u0119tnie si\u0119gamy do przesz\u0142o\u015bci, przywo\u0142uj\u0105c zapomniane tytu\u0142y, tropi\u0105c motywy, rozmawiaj\u0105c z&nbsp;tw\u00f3rcami, zadaj\u0105c pytania.<\/p>\n\n\n\n<p class=\"has-archer-font-family\" style=\"margin-bottom:2.75rem\"><em>16mm<\/em> to nieregularnik \u2013 pojawia si\u0119 wtedy, gdy mamy co\u015b do powiedzenia, a&nbsp;nie wtedy, gdy nakazuje to kalendarz. Wydajemy si\u0119 w&nbsp;druku, a&nbsp;wersja online uzupe\u0142nia i&nbsp;poszerza papierowe wydania o&nbsp;dodatkowe tre\u015bci, podcasty i&nbsp;materia\u0142y reaguj\u0105ce na bie\u017c\u0105ce wydarzenia.<\/p>\n\n\n\n<h2 class=\"wp-block-heading has-hitchcut-font-family\">Zesp\u00f3\u0142 redakcyjny<\/h2>\n<\/div>\n\n\n\n<div class=\"wp-block-columns alignwide is-layout-flex wp-container-core-columns-is-layout-bc55d311 wp-block-columns-is-layout-flex\" style=\"margin-top:24px;margin-bottom:24px;padding-top:2.01rem;padding-right:2.01rem;padding-bottom:2.01rem;padding-left:2.01rem\">\n<div class=\"wp-block-column is-layout-flow wp-block-column-is-layout-flow\" style=\"flex-basis:35%\">\n<figure class=\"wp-block-image size-full\"><img decoding=\"async\" width=\"1024\" height=\"1536\" src=\"https:\/\/16mm.com.pl\/wp-content\/uploads\/2025\/04\/Wik_podmianka.png\" alt class=\"wp-image-971\" srcset=\"https:\/\/16mm.com.pl\/wp-content\/uploads\/2025\/04\/Wik_podmianka.png 1024w, https:\/\/16mm.com.pl\/wp-content\/uploads\/2025\/04\/Wik_podmianka-200x300.png 200w, https:\/\/16mm.com.pl\/wp-content\/uploads\/2025\/04\/Wik_podmianka-683x1024.png 683w, https:\/\/16mm.com.pl\/wp-content\/uploads\/2025\/04\/Wik_podmianka-768x1152.png 768w\" sizes=\"(max-width: 1024px) 100vw, 1024px\"><\/figure>\n<\/div>\n\n\n\n<div class=\"wp-block-column is-vertically-aligned-center is-layout-flow wp-container-core-column-is-layout-987318ac wp-block-column-is-layout-flow\">\n<h3 class=\"wp-block-heading has-hitchcut-font-family\" style=\"margin-top:0;margin-bottom:0\">Wik Gornowicz<\/h3>\n\n\n\n<h5 class=\"wp-block-heading has-hitchcut-font-family\">Redaktor naczelny<\/h5>\n\n\n\n<p style=\"margin-bottom:2.75rem\">Ci\u0105gl\u0119 poszukuj\u0119 efektu zanurzenia w&nbsp;\u015bwiecie obrazu i&nbsp;rozszczepiam filmow\u0105 rzeczywisto\u015b\u0107, nadaj\u0105c jej nowych znacze\u0144. W&nbsp;kinie interesuje mnie rytua\u0142 i&nbsp;duchowo\u015b\u0107, podsk\u00f3rno\u015b\u0107 i&nbsp;umowno\u015b\u0107. Skupiam si\u0119 przy tym na odbiorczym aspekcie kinematografii i&nbsp;jej wymiarze antropologicznym. Stale eksperymentuj\u0119 z&nbsp;wszelk\u0105 form\u0105 \u2013  to, co ulotne zamykam w&nbsp;ramach fotografii analogowej czy cyjanotypii. Moje prace to teksty o&nbsp;tym, co by\u0107 mo\u017ce niewidoczne na pierwszy rzut oka.<\/p>\n\n\n\n<p style=\"margin-bottom:2.75rem\">Obecnie studiuj\u0119 Filmoznawstwo I&nbsp;stopnia na Uniwersytecie Jagiello\u0144skim, a&nbsp;poza tym rozwijam swoj\u0105 dzia\u0142alno\u015b\u0107 na antenie radiowej, inspiruj\u0119 si\u0119 teatrem wsp\u00f3\u0142czesnym i&nbsp;je\u017cd\u017c\u0119 rowerem po Plantach. <em>16mm<\/em> to zatem kolejne miejsce, kt\u00f3re umo\u017cliwia mi dzielenie si\u0119 interdyscyplinarnym podej\u015bciem do sztuki audiowizualnej i&nbsp;poszerzanie filmowych horyzont\u00f3w.<\/p>\n<\/div>\n<\/div>\n\n\n\n<div class=\"wp-block-columns alignwide is-layout-flex wp-container-core-columns-is-layout-bc55d311 wp-block-columns-is-layout-flex\" style=\"margin-top:24px;margin-bottom:24px;padding-top:2.01rem;padding-right:2.01rem;padding-bottom:2.01rem;padding-left:2.01rem\">\n<div class=\"wp-block-column is-vertically-aligned-center is-layout-flow wp-container-core-column-is-layout-987318ac wp-block-column-is-layout-flow\">\n<h3 class=\"wp-block-heading has-hitchcut-font-family\" style=\"margin-top:0;margin-bottom:0\">Kamil \u0141ojek<\/h3>\n\n\n\n<h5 class=\"wp-block-heading has-hitchcut-font-family\">Redaktor naczelny<\/h5>\n\n\n\n<p class=\"has-archer-font-family\" style=\"margin-bottom:2.75rem\">Zaczyna\u0142em od pyta\u0144 o&nbsp;cz\u0142owieka \u2013 jego umys\u0142, pami\u0119\u0107, spos\u00f3b odczuwania i&nbsp;rozumienia \u015bwiata. Z&nbsp;czasem zwr\u00f3ci\u0142em si\u0119 ku maszynom, zafascynowany j\u0119zykiem kodu, logik\u0105 struktur, precyzj\u0105 cyfrowych rozwi\u0105za\u0144. Kino okaza\u0142o si\u0119 przestrzeni\u0105, w&nbsp;kt\u00f3rej te dwa pozornie odleg\u0142e \u015bwiaty tworz\u0105 syntez\u0119 szyt\u0105 na moj\u0105 miar\u0119 \u2013 \u0142\u0105cz\u0105c\u0105 refleksj\u0119 z&nbsp;form\u0105, wra\u017cliwo\u015b\u0107 z&nbsp;konstrukcj\u0105, obraz z&nbsp;algorytmem.<\/p>\n\n\n\n<p class=\"has-archer-font-family\" style=\"margin-bottom:2.75rem\">Jestem kognitywist\u0105 i&nbsp;in\u017cynierem informatyki, a&nbsp;obecnie studentem Filmoznawstwa II stopnia na Uniwersytecie Jagiello\u0144skim. Obcowanie ze sztuk\u0105 traktuj\u0119 nie jak ucieczk\u0119 od rzeczywisto\u015bci, lecz spos\u00f3b, by by\u0107 w&nbsp;niej bardziej. <em>16mm<\/em> to dla mnie przestrze\u0144, w&nbsp;kt\u00f3rej mog\u0119 \u0142\u0105czy\u0107 intelektualn\u0105 ciekawo\u015b\u0107 z&nbsp;wra\u017cliwo\u015bci\u0105 \u2013 opowiada\u0107 o&nbsp;tym, co porusza, intryguje i&nbsp;zostaje na d\u0142u\u017cej.<\/p>\n<\/div>\n\n\n\n<div class=\"wp-block-column is-layout-flow wp-block-column-is-layout-flow\" style=\"flex-basis:35%\">\n<figure class=\"wp-block-image size-full\"><img decoding=\"async\" width=\"1024\" height=\"1736\" src=\"https:\/\/16mm.com.pl\/wp-content\/uploads\/2025\/04\/Stary_podmianka.jpg\" alt class=\"wp-image-970\" srcset=\"https:\/\/16mm.com.pl\/wp-content\/uploads\/2025\/04\/Stary_podmianka.jpg 1024w, https:\/\/16mm.com.pl\/wp-content\/uploads\/2025\/04\/Stary_podmianka-177x300.jpg 177w, https:\/\/16mm.com.pl\/wp-content\/uploads\/2025\/04\/Stary_podmianka-604x1024.jpg 604w, https:\/\/16mm.com.pl\/wp-content\/uploads\/2025\/04\/Stary_podmianka-768x1302.jpg 768w, https:\/\/16mm.com.pl\/wp-content\/uploads\/2025\/04\/Stary_podmianka-906x1536.jpg 906w\" sizes=\"(max-width: 1024px) 100vw, 1024px\"><\/figure>\n<\/div>\n<\/div>\n\n\n\n<div class=\"wp-block-columns alignwide reverse-on-mobile is-layout-flex wp-container-core-columns-is-layout-9440ec78 wp-block-columns-is-layout-flex\" style=\"margin-top:24px;margin-bottom:48px;padding-top:2.01rem;padding-right:2.01rem;padding-bottom:2.01rem;padding-left:2.01rem\">\n<div class=\"wp-block-column is-layout-flow wp-block-column-is-layout-flow\" style=\"flex-basis:35%\">\n<figure class=\"wp-block-image size-full\"><img loading=\"lazy\" decoding=\"async\" width=\"1024\" height=\"1536\" src=\"https:\/\/16mm.com.pl\/wp-content\/uploads\/2025\/04\/Halina.png\" alt class=\"wp-image-616\" srcset=\"https:\/\/16mm.com.pl\/wp-content\/uploads\/2025\/04\/Halina.png 1024w, https:\/\/16mm.com.pl\/wp-content\/uploads\/2025\/04\/Halina-200x300.png 200w, https:\/\/16mm.com.pl\/wp-content\/uploads\/2025\/04\/Halina-683x1024.png 683w, https:\/\/16mm.com.pl\/wp-content\/uploads\/2025\/04\/Halina-768x1152.png 768w\" sizes=\"(max-width: 1024px) 100vw, 1024px\"><\/figure>\n<\/div>\n\n\n\n<div class=\"wp-block-column is-vertically-aligned-center is-layout-flow wp-container-core-column-is-layout-987318ac wp-block-column-is-layout-flow\">\n<h3 class=\"wp-block-heading has-hitchcut-font-family\" style=\"margin-top:0;margin-bottom:0\">Karolina Zdunek<\/h3>\n\n\n\n<h5 class=\"wp-block-heading has-hitchcut-font-family\">Redaktorka<\/h5>\n\n\n\n<p style=\"margin-bottom:2.75rem\">Moje pocz\u0105tki z&nbsp;kinem by\u0142y dosy\u0107 traumatyczne. M\u00f3wi\u0105c traumatyczne mam na my\u015bli s\u0142owo w&nbsp;pe\u0142nej jego okaza\u0142o\u015bci \u2013 kiedy mia\u0142am trzy lata, ojciec stwierdzi\u0142, \u017ce wykszta\u0142ci\u0142am ju\u017c na tyle dojrza\u0142o\u015b\u0107 emocjonaln\u0105, \u017ce poka\u017ce mi <em>Szcz\u0119ki<\/em>. Do dzisiaj odwracam si\u0119 w&nbsp;panice we wszelkich zbiornikach wodnych. P\u00f3\u017aniej, jak u&nbsp;Hitchocka, od trz\u0119sienia ziemi do stale wzrastaj\u0105cego napi\u0119cia, by\u0142o ju\u017c tylko gorzej \u2013 aktualnie piel\u0119gnuj\u0105c m\u00f3j syndrom sztokholmski na Filmoznawstwie II stopnia na Uniwersytecie Jagiello\u0144skim.<\/p>\n\n\n\n<p style=\"margin-bottom:2.75rem\">Jestem projektantk\u0105 graficzn\u0105 z&nbsp;bo\u017cej \u0142aski, a&nbsp;coby oszcz\u0119dzi\u0107 najm\u0142odszym podobnych turbulencji z&nbsp;m\u0105 oblubienic\u0105 w&nbsp;postaci X&nbsp;muzy, jako dyplom licencjacki w&nbsp;Pracowni Ilustracji na ASP w&nbsp;Kato, stworzy\u0142am dla nich przewodnik po zawi\u0142ych filmowych meandrach.<\/p>\n\n\n\n<p>Po godzinach przepadam za tym, kiedy m\u0119\u017cczy\u017ani t\u0142umacz\u0105 mi \u015bwiat i&nbsp;bia\u0142orycerzuj\u0105. Adoracja wobec naj\u015bwi\u0119tszego patriarchatu podnosi ci\u015bnienie bardziej ni\u017c wysokobia\u0142kowe \u015bniadanie w&nbsp;postaci czarnej kawy i&nbsp;papierosa. St\u0105d blisko mi do krytyki feministycznej oraz production studies w&nbsp;tym uj\u0119ciu \u2013 coby moje hercklekoty, jak przysta\u0142o na hanysk\u0119 od urodzenia, mia\u0142y si\u0119 w&nbsp;pe\u0142nym zdrowiu dzi\u0119ki systemowi.&nbsp;<\/p>\n\n\n\n<p><em>16mm<\/em> stanowi dla mnie sfer\u0119, gdzie te nie zawsze wyartyku\u0142owane my\u015bli oraz ilustracje do-szufladowe mog\u0105 nie\u015bmia\u0142o wychyn\u0105\u0107 spod tego s\u0142ynnego kamienia na \u015bwiat\u0142o dziennie. I&nbsp;niech te \u015bwieci nam jasno!<\/p>\n<\/div>\n<\/div>\n\n\n\n<div class=\"wp-block-columns alignwide reverse-on-mobile is-layout-flex wp-container-core-columns-is-layout-9440ec78 wp-block-columns-is-layout-flex\" style=\"margin-top:24px;margin-bottom:48px;padding-top:2.01rem;padding-right:2.01rem;padding-bottom:2.01rem;padding-left:2.01rem\">\n<div class=\"wp-block-column is-vertically-aligned-center is-layout-flow wp-container-core-column-is-layout-987318ac wp-block-column-is-layout-flow\">\n<h3 class=\"wp-block-heading has-hitchcut-font-family\" style=\"margin-top:0;margin-bottom:0\">Weronika Chilimoniuk<\/h3>\n\n\n\n<h5 class=\"wp-block-heading has-hitchcut-font-family\">specjalistka ds. pr<\/h5>\n\n\n\n<p>Projektuj\u0119, lepi\u0119, szukam pi\u0119kna i&nbsp;chodz\u0119 tam, gdzie co\u015b b\u0142yszczy \u2013 czy to s\u0142o\u0144ce nad jeziorem, czy pier\u015bcionek za dwa z\u0142ote z&nbsp;drugiej r\u0119ki. Studiuj\u0119 grafik\u0119 na ASP w&nbsp;Katowicach, ale inspiracji szukam wsz\u0119dzie \u2013 wierz\u0119 w&nbsp;pi\u0119kno codzienno\u015bci, kobiecy pierwiastek tw\u00f3rczy i&nbsp;si\u0142\u0119 przedmiot\u00f3w z&nbsp;histori\u0105. Lubi\u0119 rzeczy, kt\u00f3re co\u015b opowiadaj\u0105 \u2014 czy to fili\u017canka z&nbsp;odpryskiem, czy plakat, kt\u00f3ry porusza. <\/p>\n\n\n\n<p>W <em>16mm<\/em> opowiadam obrazem \u2013 tworz\u0119 grafiki, dbam o&nbsp;wizualny rytm naszych medi\u00f3w spo\u0142eczno\u015bciowych i&nbsp;szukam sposob\u00f3w, by o&nbsp;kinie m\u00f3wi\u0107 nie tylko s\u0142owem. To dla mnie przestrze\u0144 wsp\u00f3\u0142dzia\u0142ania, wsp\u00f3lnego tonu i&nbsp;tw\u00f3rczej lekko\u015bci. Bo 16mm to dla mnie nie tyle miejsce, co energia, kt\u00f3ra \u0142\u0105czy osoby wra\u017cliwe na obraz \u2013 na to, co wa\u017cne, \u017cywe i&nbsp;poruszaj\u0105ce.<\/p>\n<\/div>\n\n\n\n<div class=\"wp-block-column is-layout-flow wp-block-column-is-layout-flow\" style=\"flex-basis:35%\">\n<figure class=\"wp-block-image size-full\"><img loading=\"lazy\" decoding=\"async\" width=\"1024\" height=\"1536\" src=\"https:\/\/16mm.com.pl\/wp-content\/uploads\/2025\/04\/Wera.png\" alt class=\"wp-image-618\" srcset=\"https:\/\/16mm.com.pl\/wp-content\/uploads\/2025\/04\/Wera.png 1024w, https:\/\/16mm.com.pl\/wp-content\/uploads\/2025\/04\/Wera-200x300.png 200w, https:\/\/16mm.com.pl\/wp-content\/uploads\/2025\/04\/Wera-683x1024.png 683w, https:\/\/16mm.com.pl\/wp-content\/uploads\/2025\/04\/Wera-768x1152.png 768w\" sizes=\"(max-width: 1024px) 100vw, 1024px\"><\/figure>\n<\/div>\n<\/div>\n\n\n\n<div class=\"wp-block-columns alignwide is-layout-flex wp-container-core-columns-is-layout-bc55d311 wp-block-columns-is-layout-flex\" style=\"margin-top:24px;margin-bottom:24px;padding-top:2.01rem;padding-right:2.01rem;padding-bottom:2.01rem;padding-left:2.01rem\">\n<div class=\"wp-block-column is-layout-flow wp-block-column-is-layout-flow\" style=\"flex-basis:35%\">\n<figure class=\"wp-block-image size-full\"><img loading=\"lazy\" decoding=\"async\" width=\"1024\" height=\"1536\" src=\"https:\/\/16mm.com.pl\/wp-content\/uploads\/2025\/04\/Walterek.png\" alt class=\"wp-image-619\" srcset=\"https:\/\/16mm.com.pl\/wp-content\/uploads\/2025\/04\/Walterek.png 1024w, https:\/\/16mm.com.pl\/wp-content\/uploads\/2025\/04\/Walterek-200x300.png 200w, https:\/\/16mm.com.pl\/wp-content\/uploads\/2025\/04\/Walterek-683x1024.png 683w, https:\/\/16mm.com.pl\/wp-content\/uploads\/2025\/04\/Walterek-768x1152.png 768w\" sizes=\"(max-width: 1024px) 100vw, 1024px\"><\/figure>\n<\/div>\n\n\n\n<div class=\"wp-block-column is-vertically-aligned-center is-layout-flow wp-container-core-column-is-layout-987318ac wp-block-column-is-layout-flow\">\n<h3 class=\"wp-block-heading has-hitchcut-font-family\" style=\"margin-top:0;margin-bottom:0\">Walter<\/h3>\n\n\n\n<h5 class=\"wp-block-heading has-hitchcut-font-family\">Psiewodnicz\u0105cy czworonog\u00f3w<\/h5>\n\n\n\n<p style=\"margin-bottom:2.75rem\">Nie jest \u015bwiadomy funkcji, kt\u00f3r\u0105 pe\u0142ni, ani odpowiedzialno\u015bci, jaka si\u0119 z&nbsp;ni\u0105 wi\u0105\u017ce. W\u0142a\u015bciwie niewielu rzeczy jest \u015bwiadomy.<\/p>\n\n\n\n<p style=\"margin-bottom:2.75rem\">Wielokrotny laureat konkurs\u00f3w psi\u0119kno\u015bci \u2013 niestety wszystkie dyplomy znikn\u0119\u0142y w&nbsp;tajemniczych okoliczno\u015bciach. Twierdzi, \u017ce zjad\u0142 mu je pies. Wierzymy mu, bo trudno nie ufa\u0107 tym oczom.<br><br>Jest absolwentem psiedszkola, kt\u00f3re uko\u0144czy\u0142 z&nbsp;wyr\u00f3\u017cnieniem, jednak w&nbsp;tym wypadku r\u00f3wnie\u017c nie posiada dokumentu, kt\u00f3ry potwierdza\u0142by jego wykszta\u0142cenie. Nie stanowi\u0142o to jednak problemu w&nbsp;aplikacji do szko\u0142y dogtorskiej, gdzie prowadzi prze\u0142omowe badania nad stereotypizacj\u0105 i&nbsp;wykluczeniem ze wzgl\u0119du na ras\u0119 w&nbsp;serii <em>Psi patrol<\/em>.<\/p>\n\n\n\n<p style=\"margin-bottom:2.75rem\">Za ka\u017cdym razem, gdy w\u0119szy wok\u00f3\u0142 naszej pracy, robi to z&nbsp;oddaniem i&nbsp;entuzjazmem, stanowi\u0105c niezast\u0105pione wsparcie zespo\u0142u. Mog\u0142oby si\u0119 wydawa\u0107, \u017ce jako pies go\u0144czy goni nas do pracy \u2013 ten jednak zwykle j\u0105 op\u00f3\u017ania, wymuszaj\u0105c pieszczoty i&nbsp;zabaw\u0119.<\/p>\n\n\n\n<p style=\"margin-bottom:2.75rem\">Ch\u0119tnych do wsp\u00f3\u0142pracy zapraszamy do kontaktu mailowego.<\/p>\n<\/div>\n<\/div>\n\n\n\n<div class=\"wp-block-columns alignwide is-layout-flex wp-container-core-columns-is-layout-bc55d311 wp-block-columns-is-layout-flex\" style=\"margin-top:24px;margin-bottom:24px;padding-top:2.01rem;padding-right:2.01rem;padding-bottom:2.01rem;padding-left:2.01rem\">\n<div class=\"wp-block-column is-vertically-aligned-center is-layout-flow wp-container-core-column-is-layout-987318ac wp-block-column-is-layout-flow\">\n<h3 class=\"wp-block-heading has-hitchcut-font-family\" style=\"margin-top:0;margin-bottom:0\">prof. dr hab. Ma\u0142gorzata Radkiewicz<\/h3>\n\n\n\n<h5 class=\"wp-block-heading has-hitchcut-font-family\"><strong>Opieka naukowa<\/strong><\/h5>\n<\/div>\n<\/div>\n\n\n\n<div style=\"height:60px\" aria-hidden=\"true\" class=\"wp-block-spacer\"><\/div>\n","protected":false},"excerpt":{"rendered":"<p>16mm to studenckie czasopismo filmowe tworzone z&nbsp;pasji do kina i&nbsp;potrzeby m\u00f3wienia o&nbsp;nim po swojemu \u2013 z&nbsp;r\u00f3\u017cnych perspektyw, bez zad\u0119cia, ale z&nbsp;uwa\u017cno\u015bci\u0105 i&nbsp;zaanga\u017cowaniem. \u0141\u0105czymy krytyk\u0119 filmow\u0105 z&nbsp;osobistym tonem, analizy z&nbsp;poczuciem humoru, a&nbsp;powa\u017cne refleksje z&nbsp;lekk\u0105 form\u0105. Interesuje nas wszystko to, co w&nbsp;kinie nieoczywiste, niedopowiedziane i&nbsp;cz\u0119sto pomijane \u2013 od kulturowych zjawisk po codzienne obserwacje. Nie ograniczamy si\u0119 do [\u2026]<\/p>\n","protected":false},"author":2,"featured_media":0,"parent":0,"menu_order":0,"comment_status":"closed","ping_status":"closed","template":"","meta":{"wp_typography_post_enhancements_disabled":false,"footnotes":""},"class_list":["post-614","page","type-page","status-publish","hentry"],"_links":{"self":[{"href":"https:\/\/16mm.com.pl\/index.php\/wp-json\/wp\/v2\/pages\/614","targetHints":{"allow":["GET"]}}],"collection":[{"href":"https:\/\/16mm.com.pl\/index.php\/wp-json\/wp\/v2\/pages"}],"about":[{"href":"https:\/\/16mm.com.pl\/index.php\/wp-json\/wp\/v2\/types\/page"}],"author":[{"embeddable":true,"href":"https:\/\/16mm.com.pl\/index.php\/wp-json\/wp\/v2\/users\/2"}],"replies":[{"embeddable":true,"href":"https:\/\/16mm.com.pl\/index.php\/wp-json\/wp\/v2\/comments?post=614"}],"version-history":[{"count":76,"href":"https:\/\/16mm.com.pl\/index.php\/wp-json\/wp\/v2\/pages\/614\/revisions"}],"predecessor-version":[{"id":1280,"href":"https:\/\/16mm.com.pl\/index.php\/wp-json\/wp\/v2\/pages\/614\/revisions\/1280"}],"wp:attachment":[{"href":"https:\/\/16mm.com.pl\/index.php\/wp-json\/wp\/v2\/media?parent=614"}],"curies":[{"name":"wp","href":"https:\/\/api.w.org\/{rel}","templated":true}]}}