{"id":872,"date":"2025-04-20T22:10:46","date_gmt":"2025-04-20T20:10:46","guid":{"rendered":"https:\/\/16mm.com.pl\/?page_id=872"},"modified":"2025-08-21T18:19:33","modified_gmt":"2025-08-21T16:19:33","slug":"powidoki","status":"publish","type":"page","link":"https:\/\/16mm.com.pl\/index.php\/powidoki\/","title":{"rendered":"Powidoki"},"content":{"rendered":"\n<div class=\"wp-block-group has-archer-font-family has-global-padding is-layout-constrained wp-container-core-group-is-layout-4f9f0532 wp-block-group-is-layout-constrained\">\n<div class=\"wp-block-cover alignfull is-light\" style=\"padding-top:2%;min-height:30rem;aspect-ratio:unset;\"><img fetchpriority=\"high\" decoding=\"async\" width=\"1024\" height=\"576\" class=\"wp-block-cover__image-background wp-image-866 size-large\" alt src=\"https:\/\/16mm.com.pl\/wp-content\/uploads\/2025\/04\/Plansze-typo_konwersja-7-1024x576.jpg\" style=\"object-position:50% 33%\" data-object-fit=\"cover\" data-object-position=\"50% 33%\" srcset=\"https:\/\/16mm.com.pl\/wp-content\/uploads\/2025\/04\/Plansze-typo_konwersja-7-1024x576.jpg 1024w, https:\/\/16mm.com.pl\/wp-content\/uploads\/2025\/04\/Plansze-typo_konwersja-7-300x169.jpg 300w, https:\/\/16mm.com.pl\/wp-content\/uploads\/2025\/04\/Plansze-typo_konwersja-7-768x432.jpg 768w, https:\/\/16mm.com.pl\/wp-content\/uploads\/2025\/04\/Plansze-typo_konwersja-7-1536x864.jpg 1536w, https:\/\/16mm.com.pl\/wp-content\/uploads\/2025\/04\/Plansze-typo_konwersja-7.jpg 1920w\" sizes=\"(max-width: 1024px) 100vw, 1024px\"><span aria-hidden=\"true\" class=\"wp-block-cover__background has-background-dim-0 has-background-dim\" style=\"background-color:#b0881f\"><\/span><div class=\"wp-block-cover__inner-container has-global-padding is-layout-constrained wp-container-core-cover-is-layout-ee51f2d2 wp-block-cover-is-layout-constrained\">\n<p class=\"has-text-align-center has-large-font-size\"><\/p>\n<\/div><\/div>\n<\/div>\n\n\n\n<div class=\"wp-block-query is-layout-flow wp-block-query-is-layout-flow\"><ul class=\"columns-3 wp-block-post-template is-layout-grid wp-container-core-post-template-is-layout-6d3fbd8f wp-block-post-template-is-layout-grid\"><li class=\"wp-block-post post-1087 post type-post status-publish format-standard has-post-thumbnail hentry category-powidoki\">\n\n<div class=\"wp-block-group is-layout-flow wp-block-group-is-layout-flow\" style=\"padding-top:30px;padding-right:30px;padding-bottom:30px;padding-left:30px\"><h2 style=\"font-size:clamp(33.419px, 2.089rem + ((1vw - 3.2px) * 2.077), 60px);\" class=\"wp-block-post-title\"><a href=\"https:\/\/16mm.com.pl\/index.php\/2025\/05\/25\/uwedzona-wrazliwosc\/\" target=\"_self\">Uw\u0119dzona wra\u017cliwo\u015b\u0107<\/a><\/h2>\n\n<div style=\"color:#000000;\" class=\"has-link-color wp-elements-af14c1f7cc88c67edac210dcd3b29530 wp-block-post-excerpt has-text-color\"><p class=\"wp-block-post-excerpt__excerpt\">Po\u015br\u00f3d wzrastaj\u0105cych przy wydmach szklanych hotelach, ulatniaj\u0105 si\u0119 sielankowe wspomnienia nadmorskich wakacji. W&nbsp;najnowszej recenzji przeczytaj, jak wraz z&nbsp;nimi w&nbsp;cie\u0144 osuwaj\u0105 si\u0119 starsze pokolenia.<\/p><p class=\"wp-block-post-excerpt__more-text\"><a class=\"wp-block-post-excerpt__more-link\" href=\"https:\/\/16mm.com.pl\/index.php\/2025\/05\/25\/uwedzona-wrazliwosc\/\"><strong>Czytaj dalej<\/strong><\/a><\/p><\/div>\n\n<div class=\"wp-block-post-date\"><time datetime=\"2025-05-25T23:03:55+02:00\">25 maja, 2025<\/time><\/div><\/div>\n\n<\/li><\/ul><\/div>\n\n\n\n<p><\/p>\n","protected":false},"excerpt":{"rendered":"","protected":false},"author":2,"featured_media":0,"parent":0,"menu_order":0,"comment_status":"closed","ping_status":"closed","template":"","meta":{"wp_typography_post_enhancements_disabled":false,"footnotes":""},"class_list":["post-872","page","type-page","status-publish","hentry"],"_links":{"self":[{"href":"https:\/\/16mm.com.pl\/index.php\/wp-json\/wp\/v2\/pages\/872","targetHints":{"allow":["GET"]}}],"collection":[{"href":"https:\/\/16mm.com.pl\/index.php\/wp-json\/wp\/v2\/pages"}],"about":[{"href":"https:\/\/16mm.com.pl\/index.php\/wp-json\/wp\/v2\/types\/page"}],"author":[{"embeddable":true,"href":"https:\/\/16mm.com.pl\/index.php\/wp-json\/wp\/v2\/users\/2"}],"replies":[{"embeddable":true,"href":"https:\/\/16mm.com.pl\/index.php\/wp-json\/wp\/v2\/comments?post=872"}],"version-history":[{"count":15,"href":"https:\/\/16mm.com.pl\/index.php\/wp-json\/wp\/v2\/pages\/872\/revisions"}],"predecessor-version":[{"id":1139,"href":"https:\/\/16mm.com.pl\/index.php\/wp-json\/wp\/v2\/pages\/872\/revisions\/1139"}],"wp:attachment":[{"href":"https:\/\/16mm.com.pl\/index.php\/wp-json\/wp\/v2\/media?parent=872"}],"curies":[{"name":"wp","href":"https:\/\/api.w.org\/{rel}","templated":true}]}}